{"id":1191,"date":"2019-01-11T00:40:36","date_gmt":"2019-01-11T03:40:36","guid":{"rendered":"http:\/\/www.curimapu.com\/semillas\/?page_id=1191"},"modified":"2019-01-11T00:40:36","modified_gmt":"2019-01-11T03:40:36","slug":"company","status":"publish","type":"page","link":"https:\/\/www.curimapu.com\/semillas\/en\/company\/","title":{"rendered":"Company"},"content":{"rendered":"<p>[vc_row vc_row_background=\u00bb\u00bb][vc_column][rev_slider_vc alias=\u00bbnuestra-empresa\u00bb][vc_custom_heading text=\u00bbCompany Curimapu\u00bb font_container=\u00bbtag:h2|font_size:40px|text_align:center\u00bb google_fonts=\u00bbfont_family:Fira%20Sans%3A300%2C300italic%2C400%2C400italic%2C500%2C500italic%2C700%2C700italic|font_style:700%20bold%20italic%3A700%3Aitalic\u00bb][\/vc_column][\/vc_row][vc_row css_animation=\u00bbnone\u00bb vc_row_background=\u00bb\u00bb][vc_column css_animation=\u00bbfadeInLeft\u00bb width=\u00bb1\/2&#8243;][vc_column_text]<\/p>\n<p style=\"text-align: justify;\">Curimapu Semillas es una rama de Curimapu que fue creada \u00a0el a\u00f1o 2010 con el fin de comercializar semillas en el mercado nacional. Actualmente, comercializamos semillas de ma\u00edz grano, ma\u00edz ensilaje y raps\u00a0invernal, bajo la licencia de LG Seeds, empresa francesa l\u00edder en producci\u00f3n de maiz. A\u00f1o a a\u00f1o nos aseguramos de ofrecer los mejores h\u00edbridos para cada zona del pa\u00eds, aquellos con mayor rendimiento, mejor secado, mayor palatabilidad, digestibilidad, entrega de energ\u00eda y otros.<\/p>\n<p style=\"text-align: justify;\">Contamos con un equipo de zonales comprometidos con nuestros clientes, quienes realizan una asesor\u00eda t\u00e9cnica especializada desde la siempre hasta la cosecha de sus ma\u00edces.<\/p>\n<p>[\/vc_column_text][\/vc_column][vc_column css_animation=\u00bbfadeInRight\u00bb width=\u00bb1\/2&#8243;][vc_single_image image=\u00bb779&#8243; img_size=\u00bb600&#215;345&#8243; alignment=\u00bbcenter\u00bb][\/vc_column][\/vc_row][vc_row][vc_column css_animation=\u00bbfadeInUp\u00bb][vc_column_text]<\/p>\n<p style=\"text-align: justify;\">Nuestros cuatro zonales est\u00e1n atentos para resolver cualquier duda a nuestros clientes y tienen la disponibilidad para visitar en terreno.<\/p>\n<p style=\"text-align: justify;\">Curimapu Semillas cuenta adem\u00e1s con una red de ensayos a lo largo del pa\u00eds, con el fin de seleccionar los mejores h\u00edbridos para el agricultor nacional. Los resultados de los ensayos realizados por terceros posicionan a nuestros h\u00edbridos como la mejor opci\u00f3n en el mercado.<\/p>\n<p>[\/vc_column_text][vc_empty_space height=\u00bb20px\u00bb][\/vc_column][\/vc_row][vc_row][vc_column][vc_custom_heading text=\u00bbDealers\u00bb font_container=\u00bbtag:h2|font_size:40px|text_align:center\u00bb google_fonts=\u00bbfont_family:Fira%20Sans%3A300%2C300italic%2C400%2C400italic%2C500%2C500italic%2C700%2C700italic|font_style:700%20bold%20italic%3A700%3Aitalic\u00bb][vc_empty_space][\/vc_column][\/vc_row][vc_row css_animation=\u00bbslideInLeft\u00bb vc_row_background=\u00bb\u00bb css=\u00bb.vc_custom_1542844180285{padding-top: 30px !important;padding-right: 30px !important;padding-bottom: 30px !important;padding-left: 30px !important;}\u00bb][vc_column width=\u00bb1\/4&#8243; css=\u00bb.vc_custom_1542728757107{background-position: center !important;background-repeat: no-repeat !important;background-size: cover !important;}\u00bb][vc_column_text]<a href=\"https:\/\/www.martinezyvaldivieso.cl\/\"><img loading=\"lazy\" class=\"aligncenter wp-image-428\" src=\"https:\/\/www.curimapu.com\/semillas\/wp-content\/uploads\/2016\/09\/logo.png\" alt=\"logo\" width=\"244\" height=\"104\" srcset=\"https:\/\/www.curimapu.com\/semillas\/wp-content\/uploads\/2016\/09\/logo.png 343w, https:\/\/www.curimapu.com\/semillas\/wp-content\/uploads\/2016\/09\/logo-300x128.png 300w\" sizes=\"(max-width: 244px) 100vw, 244px\" \/><\/a>[\/vc_column_text][\/vc_column][vc_column width=\u00bb1\/4&#8243;][vc_column_text]<a href=\"http:\/\/biolechelacteos.cl\/\"><img loading=\"lazy\" class=\"wp-image-441 aligncenter\" src=\"https:\/\/www.curimapu.com\/semillas\/wp-content\/uploads\/2016\/09\/Bioleche.jpg\" alt=\"Bioleche\" width=\"136\" height=\"113\" \/><\/a>[\/vc_column_text][\/vc_column][vc_column width=\u00bb1\/4&#8243;][vc_column_text]<a href=\"http:\/\/www.colun.cl\/\"><img loading=\"lazy\" class=\"wp-image-430 aligncenter\" src=\"https:\/\/www.curimapu.com\/semillas\/wp-content\/uploads\/2016\/09\/img_79fe54d7d7.jpg\" alt=\"\" width=\"148\" height=\"148\" srcset=\"https:\/\/www.curimapu.com\/semillas\/wp-content\/uploads\/2016\/09\/img_79fe54d7d7.jpg 600w, https:\/\/www.curimapu.com\/semillas\/wp-content\/uploads\/2016\/09\/img_79fe54d7d7-150x150.jpg 150w, https:\/\/www.curimapu.com\/semillas\/wp-content\/uploads\/2016\/09\/img_79fe54d7d7-300x300.jpg 300w\" sizes=\"(max-width: 148px) 100vw, 148px\" \/><\/a>[\/vc_column_text][\/vc_column][vc_column width=\u00bb1\/4&#8243;][vc_column_text]<a href=\"http:\/\/www.cals.cl\/\"><img loading=\"lazy\" class=\"aligncenter wp-image-433\" src=\"https:\/\/www.curimapu.com\/semillas\/wp-content\/uploads\/2016\/09\/Logo-CALS-solo-marca-1.png\" alt=\"Logo CALS solo marca (1)\" width=\"277\" height=\"74\" srcset=\"https:\/\/www.curimapu.com\/semillas\/wp-content\/uploads\/2016\/09\/Logo-CALS-solo-marca-1.png 1015w, https:\/\/www.curimapu.com\/semillas\/wp-content\/uploads\/2016\/09\/Logo-CALS-solo-marca-1-300x80.png 300w, https:\/\/www.curimapu.com\/semillas\/wp-content\/uploads\/2016\/09\/Logo-CALS-solo-marca-1-768x206.png 768w\" sizes=\"(max-width: 277px) 100vw, 277px\" \/><\/a>[\/vc_column_text][\/vc_column][vc_column css_animation=\u00bbslideInUp\u00bb][vc_row_inner][vc_column_inner width=\u00bb1\/3&#8243;][vc_column_text]<a href=\"http:\/\/www.agrium.cl\/\"><img loading=\"lazy\" class=\"aligncenter wp-image-427\" src=\"https:\/\/www.curimapu.com\/semillas\/wp-content\/uploads\/2016\/09\/Agrium_logo.svg_.png\" alt=\"Agrium_logo.svg\" width=\"212\" height=\"69\" srcset=\"https:\/\/www.curimapu.com\/semillas\/wp-content\/uploads\/2016\/09\/Agrium_logo.svg_.png 2000w, https:\/\/www.curimapu.com\/semillas\/wp-content\/uploads\/2016\/09\/Agrium_logo.svg_-300x98.png 300w, https:\/\/www.curimapu.com\/semillas\/wp-content\/uploads\/2016\/09\/Agrium_logo.svg_-768x250.png 768w, https:\/\/www.curimapu.com\/semillas\/wp-content\/uploads\/2016\/09\/Agrium_logo.svg_-1024x333.png 1024w\" sizes=\"(max-width: 212px) 100vw, 212px\" \/><\/a>[\/vc_column_text][\/vc_column_inner][vc_column_inner width=\u00bb1\/3&#8243;][vc_column_text]<a href=\"https:\/\/coagra.cl\/\"><img loading=\"lazy\" class=\"aligncenter size-medium wp-image-429\" src=\"https:\/\/www.curimapu.com\/semillas\/wp-content\/uploads\/2016\/09\/Logo-Coagra-S.A-03-2-300x97.jpg\" alt=\"Logo Coagra S.A-03 (2)\" width=\"300\" height=\"97\" srcset=\"https:\/\/www.curimapu.com\/semillas\/wp-content\/uploads\/2016\/09\/Logo-Coagra-S.A-03-2-300x97.jpg 300w, https:\/\/www.curimapu.com\/semillas\/wp-content\/uploads\/2016\/09\/Logo-Coagra-S.A-03-2-768x249.jpg 768w, https:\/\/www.curimapu.com\/semillas\/wp-content\/uploads\/2016\/09\/Logo-Coagra-S.A-03-2.jpg 1024w\" sizes=\"(max-width: 300px) 100vw, 300px\" \/><\/a>[\/vc_column_text][\/vc_column_inner][vc_column_inner width=\u00bb1\/3&#8243;][vc_column_text]<a href=\"https:\/\/cooprinsem.cl\/home\/\"><img loading=\"lazy\" class=\"wp-image-431 aligncenter\" src=\"https:\/\/www.curimapu.com\/semillas\/wp-content\/uploads\/2016\/09\/Logo-Cooprinsem.jpg\" alt=\"\" width=\"375\" height=\"122\" srcset=\"https:\/\/www.curimapu.com\/semillas\/wp-content\/uploads\/2016\/09\/Logo-Cooprinsem.jpg 2539w, https:\/\/www.curimapu.com\/semillas\/wp-content\/uploads\/2016\/09\/Logo-Cooprinsem-300x98.jpg 300w, https:\/\/www.curimapu.com\/semillas\/wp-content\/uploads\/2016\/09\/Logo-Cooprinsem-768x250.jpg 768w, https:\/\/www.curimapu.com\/semillas\/wp-content\/uploads\/2016\/09\/Logo-Cooprinsem-1024x334.jpg 1024w\" sizes=\"(max-width: 375px) 100vw, 375px\" \/><\/a>[\/vc_column_text][\/vc_column_inner][\/vc_row_inner][\/vc_column][\/vc_row][vc_row css_animation=\u00bbfadeIn\u00bb vc_row_background=\u00bb\u00bb][vc_column width=\u00bb1\/4&#8243;][vc_icon type=\u00bblinecons\u00bb icon_linecons=\u00bbvc_li vc_li-phone\u00bb color=\u00bbcustom\u00bb size=\u00bblg\u00bb align=\u00bbcenter\u00bb css=\u00bb.vc_custom_1542721655258{margin-bottom: 15px !important;}\u00bb custom_color=\u00bb#e62327&#8243;][vc_custom_heading text=\u00bb<strong>Tel\u00e9fono<\/strong>\u00bb font_container=\u00bbtag:h3|font_size:18px|text_align:center\u00bb use_theme_fonts=\u00bbyes\u00bb][vc_custom_heading text=\u00bb+56 42 2971380&#8243; font_container=\u00bbtag:p|text_align:center\u00bb use_theme_fonts=\u00bbyes\u00bb][\/vc_column][vc_column width=\u00bb1\/4&#8243;][vc_icon type=\u00bblinecons\u00bb icon_linecons=\u00bbvc_li vc_li-location\u00bb color=\u00bbcustom\u00bb size=\u00bblg\u00bb align=\u00bbcenter\u00bb css=\u00bb.vc_custom_1542721676951{margin-bottom: 15px !important;}\u00bb custom_color=\u00bb#e62327&#8243;][vc_custom_heading text=\u00bb<strong>Ubicacion<\/strong>\u00bb font_container=\u00bbtag:h3|font_size:18px|text_align:center\u00bb use_theme_fonts=\u00bbyes\u00bb][vc_custom_heading text=\u00bbSan Luis de Cerrillos \u2013 Bulnes\u00bb font_container=\u00bbtag:p|text_align:center\u00bb use_theme_fonts=\u00bbyes\u00bb][\/vc_column][vc_column width=\u00bb1\/4&#8243;][vc_icon type=\u00bblinecons\u00bb icon_linecons=\u00bbvc_li vc_li-mail\u00bb color=\u00bbcustom\u00bb size=\u00bblg\u00bb align=\u00bbcenter\u00bb css=\u00bb.vc_custom_1542721687253{margin-bottom: 15px !important;}\u00bb custom_color=\u00bb#e62327&#8243;][vc_custom_heading text=\u00bb<strong>Contacto<\/strong>\u00bb font_container=\u00bbtag:h3|font_size:18px|text_align:center\u00bb use_theme_fonts=\u00bbyes\u00bb][vc_custom_heading text=\u00bbsemillas@curimapu.com\u00bb font_container=\u00bbtag:p|text_align:center\u00bb use_theme_fonts=\u00bbyes\u00bb][\/vc_column][vc_column width=\u00bb1\/4&#8243;][vc_icon type=\u00bblinecons\u00bb icon_linecons=\u00bbvc_li vc_li-like\u00bb color=\u00bbcustom\u00bb size=\u00bblg\u00bb align=\u00bbcenter\u00bb css=\u00bb.vc_custom_1542721696085{margin-bottom: 15px !important;}\u00bb custom_color=\u00bb#e62327&#8243;][vc_custom_heading text=\u00bb<strong>Sociales<\/strong>\u00bb font_container=\u00bbtag:h3|font_size:18px|text_align:center\u00bb use_theme_fonts=\u00bbyes\u00bb][vc_custom_heading text=\u00bb@curimapu\u00bb font_container=\u00bbtag:p|text_align:center\u00bb use_theme_fonts=\u00bbyes\u00bb][\/vc_column][\/vc_row]<\/p>\n","protected":false},"excerpt":{"rendered":"<p>[vc_row vc_row_background=\u00bb\u00bb][vc_column][rev_slider_vc alias=\u00bbnuestra-empresa\u00bb][vc_custom_heading text=\u00bbCompany Curimapu\u00bb font_container=\u00bbtag:h2|font_size:40px|text_align:center\u00bb google_fonts=\u00bbfont_family:Fira%20Sans%3A300%2C300italic%2C400%2C400italic%2C500%2C500italic%2C700%2C700italic|font_style:700%20bold%20italic%3A700%3Aitalic\u00bb][\/vc_column][\/vc_row][vc_row css_animation=\u00bbnone\u00bb vc_row_background=\u00bb\u00bb][vc_column css_animation=\u00bbfadeInLeft\u00bb width=\u00bb1\/2&#8243;][vc_column_text] Curimapu Semillas es una rama de Curimapu que fue creada \u00a0el a\u00f1o 2010 con el fin de comercializar semillas en el mercado nacional. Actualmente, comercializamos semillas de ma\u00edz grano, ma\u00edz ensilaje y raps\u00a0invernal, bajo la licencia de LG Seeds, empresa francesa l\u00edder en producci\u00f3n [&hellip;]<\/p>\n","protected":false},"author":1,"featured_media":0,"parent":0,"menu_order":0,"comment_status":"closed","ping_status":"closed","template":"","meta":{"om_disable_all_campaigns":false},"aioseo_notices":[],"_links":{"self":[{"href":"https:\/\/www.curimapu.com\/semillas\/wp-json\/wp\/v2\/pages\/1191"}],"collection":[{"href":"https:\/\/www.curimapu.com\/semillas\/wp-json\/wp\/v2\/pages"}],"about":[{"href":"https:\/\/www.curimapu.com\/semillas\/wp-json\/wp\/v2\/types\/page"}],"author":[{"embeddable":true,"href":"https:\/\/www.curimapu.com\/semillas\/wp-json\/wp\/v2\/users\/1"}],"replies":[{"embeddable":true,"href":"https:\/\/www.curimapu.com\/semillas\/wp-json\/wp\/v2\/comments?post=1191"}],"version-history":[{"count":1,"href":"https:\/\/www.curimapu.com\/semillas\/wp-json\/wp\/v2\/pages\/1191\/revisions"}],"predecessor-version":[{"id":1192,"href":"https:\/\/www.curimapu.com\/semillas\/wp-json\/wp\/v2\/pages\/1191\/revisions\/1192"}],"wp:attachment":[{"href":"https:\/\/www.curimapu.com\/semillas\/wp-json\/wp\/v2\/media?parent=1191"}],"curies":[{"name":"wp","href":"https:\/\/api.w.org\/{rel}","templated":true}]}}